of -1/2*b**2 - 1/6*b**3 + 1/3*b**4 + 0 + b. List the prime factors of i(2).
13
Suppose -4*x - 2*y + 901 - 293 = 0, -4*x + 4*y = -632. List the prime factors of x.
2, 7, 11
Let u be 188/6 - (-4)/6. List the prime factors of (u/(-5))/(7/(-35)).
2
Let z = 7 + -3. Let d = 15 - 25. List the prime factors of ((-12)/10)/(z/d).
3
Suppose 2*f = f. Let d = 6 - f. What are the prime factors of d?
2, 3
Suppose 270 + 37 = 4*s + 3*o, 0 = 4*s - 3*o - 325. List the prime factors of s.
79
Suppose 0*m + 2*m = 4. Suppose 5*g + 4*v - 20 = 0, -v + 14 - m = 3*g. List the prime factors of g.
2
Let z(v) = 2*v**3 - v**2 + 2*v - 4. What are the prime factors of z(3)?
47
Suppose 0 = -0*t + 3*t - 18. Suppose -3*g + 4*m + t = -1, -31 = -4*g + m. List the prime factors of (-2)/((-6)/9) + g.
2, 3
What are the prime factors of 2/8 + 438/8?
5, 11
Let z = 429 + -232. List the prime factors of z.
197
Let t = -24 - -13. Let k = -8 - t. Suppose 0 = k*w + 5*v - 7, 0*w + 4*w + v = 15. What are the prime factors of w?
2
Suppose 3*n - 3*h + 1 = 2*n, 0 = -4*h + 4. Suppose n*s = 5*s - 45. List the prime factors of s.
3, 5
Let j(p) = -p**3 - 13*p**2 - 12*p - 29. What are the prime factors of j(-13)?
127
Let t(c) = 6*c - 5. Let j(y) = -y. Let o(l) = -4*j(l) + t(l). Let z be o(5). Suppose 0*i + i + 7 = p, -3*p - 5*i + z = 0. What are the prime factors of p?
2, 5
Let g(n) = -47*n**3 + 2*n**2 + 2*n + 1. List the prime factors of g(-1).
2, 3
Suppose h - 840 = -11*h. What are the prime factors of h?
2, 5, 7
Suppose 0 = -2*s + 3*s - 18. List the prime factors of s.
2, 3
Let c be 1*(3/(-3) - -18). Suppose -3*o - c + 77 = 0. List the prime factors of o.
2, 5
Let f(z) = z**2 + 18*z + 19. What are the prime factors of f(-18)?
19
Let i(t) = 3*t**2 + t. Let k be i(-1). Suppose 0 = s - 1 - k, 0 = 3*c + s - 9. What are the prime factors of 3/c*(1 - -5)?
3
Let k(u) = u**2 + 5*u + 281. List the prime factors of k(0).
281
Let p(w) = 4*w**2 - 9*w + 1. Let x be p(-7). Suppose 4*n = 3*m + m - x, 0 = 2*m - 5*n - 145. Suppose 0 = -8*b + 3*b + m. List the prime factors of b.
2, 3
Let m(g) = -g**3 - 8*g**2 - 7*g - 12. Let f be m(-8). Suppose 4*i + 0*n - f = -3*n, 2*n = -4*i + 40. Suppose i = 3*d - 1. List the prime factors of d.
3
Let w(o) = 6*o**3 - o**2 + o - 1. Let f be w(1). Let z(s) = 5. Let x(t) = -t - 6. Let j(k) = f*z(k) + 4*x(k). List the prime factors of j(-2).
3
List the prime factors of ((-31 + 2)*-2)/(3 + -2).
2, 29
Suppose 0 = -5*r + 3*x + 38 - 12, 3*x = -r - 2. Let m be 5 - -1*(r - 2). Suppose o - m = -0*o. What are the prime factors of o?
7
Let g(z) = -z**2 - 1. Let l(m) = -7*m**2 + m - 6. Let u(x) = 6*g(x) - l(x). List the prime factors of u(6).
2, 3, 5
Let a(s) = -6 + 4 - 7*s**2 + 2*s**2 - 5*s + s**3. What are the prime factors of a(6)?
2
Suppose 185 - 17 = 4*g. What are the prime factors of g?
2, 3, 7
Let d(y) = -y**3 - 8*y**2 - 8*y + 6. Let u be d(-7). Let a = u + -29. Let b = a + 27. What are the prime factors of b?
11
Let y(c) = -3*c - 4. Suppose -4*i = 16, -s + 11 = -4*i - 2. Let t be y(s). Suppose 0 = -m - t*z + 17, 0 + 3 = m - 2*z. What are the prime factors of m?
7
Let o be 191 - (-1 + 1 + -1). List the prime factors of (o/4)/(-1 - -2).
2, 3
Let n be (-19)/((-2)/30*-3). Let k be 1/(-2) + n/(-10). List the prime factors of k + -2 + (-10)/(-2).
2, 3
Let a be ((-24)/(-20))/(6/20). Suppose 0 = -3*m - 2*v + 40, -a*v + 0*v = 5*m - 68. What are the prime factors of m?
2, 3
Let i be 0 - (-4 + (-2)/2). Let l(h) = -h**3 + 6*h**2 - 4*h + 7. Let j be l(i). Suppose p - b - j = 3, -5*b + 45 = 5*p. What are the prime factors of p?
2, 3
Let n(j) = -j**3 - 10*j**2 - 8*j + 12. What are the prime factors of n(-9)?
3
Let f(p) = -7*p**3 + 4*p. Let o(k) = k**3 + k**2 + 1. Let j(s) = -f(s) - 6*o(s). Let i be j(6). What are the prime factors of i/(-3) + (-2 - 0)?
2
Let f = -49 + 113. What are the prime factors of f?
2
Suppose -d = 2*d + 15. Let a be (-5)/(d/(-4)) - -1. What are the prime factors of 7/a*36/(-4)?
3, 7
Let l be -6*(-1)/2*1. Suppose -l*z + 36 = -9. List the prime factors of z.
3, 5
Let c = -117 + 172. List the prime factors of c.
5, 11
Suppose g + 2*f - 16 = 0, 9*f - 4*f = -3*g + 43. List the prime factors of g.
2, 3
Suppose 0 = -4*x + 9 + 7. Suppose -o - 23 = -x*h, -4*h - 2 = -5*h + 4*o. List the prime factors of h.
2, 3
Suppose -3*y = -3*m + 39, 5*y = 2*m - 0*m - 50. Let n = y - -25. List the prime factors of n.
17
Suppose 0 = 2*r - 3*v - 21, v = -4*r - v + 18. Suppose 4*g - 2 = r. Suppose 0 = -n - m - 0*m + 6, g*m + 28 = 3*n. What are the prime factors of n?
2
Suppose 0 = -q + 4*m + 22, -m - 14 = q + 4*m. Suppose -8 = -2*i + q*i. What are the prime factors of -8*(-1)/(3 + i)?
2
Let p = -5 - -30. Let c = 0 + 4. Suppose 5*g = -q + p, c*q = q. List the prime factors of g.
5
Let i = 0 - -2. Suppose i*z = -z - 6. Let r = z - -8. What are the prime factors of r?
2, 3
Let x = -1 - -3. Suppose -x*r - 9 = r. Let b = r - -8. What are the prime factors of b?
5
Suppose 193 = 5*x - 62. List the prime factors of x.
3, 17
Let d = 123 - 11. Suppose d = x + 3*x. What are the prime factors of x?
2, 7
Let r be (-2)/5 - 3/5. List the prime factors of 2*((-3)/(-2) - r).
5
Let r(x) = -x**3 + 3*x**2 + 4*x - 4. Suppose 5 = -4*z + 17. Let d be r(z). List the prime factors of ((-6)/(-8) - 0)*d.
2, 3
Suppose j = -z + 1, 5*j - 2*z - 55 = -15. Let r be (8/j)/(6/(-18)). What are the prime factors of 6/r + 392/16?
23
Suppose -4*q = 4 + 8. Let a = q - -5. Suppose -a*m + m + 5 = 0. What are the prime factors of m?
5
Let t = 5 + -3. Let f be (t/4)/(1/(-8)). What are the prime factors of (-2)/f + (-26)/(-4)?
7
What are the prime factors of (3 + (5 - 11))*(-29 - 0)?
3, 29
Let u be (-1 - 2)/(9/6). Let z = 3 + u. Let c = 3 - z. List the prime factors of c.
2
Let n(h) = h**2 - h - 4. Let d be n(3). Suppose -17 = -3*z + d*z. List the prime factors of z.
17
Let x(o) = -o - 3. Let l be x(-6). Let a = 5 - l. List the prime factors of ((-18)/15)/(a/(-15)).
3
Let t = 11 + -9. What are the prime factors of t?
2
Let y(p) = p**2 + 5*p - 2. Let l(j) = 5*j + j**2 + 3*j**2 - 5*j**2 - 7 + 6*j. Let f be l(11). List the prime factors of y(f).
2, 3
Let z(n) = -n - 6. Let g be z(6). Let p be 10/25 + g/5. Let l = p - -12. What are the prime factors of l?
2, 5
Suppose -85*u + 220 = -84*u. List the prime factors of u.
2, 5, 11
Let u(a) = 6*a**3 + 1. Let c be ((-2)/4*2)/(-1). Let l be u(c). Suppose 21 = 3*i - t, 6*t - 2*t - l = -i. What are the prime factors of i?
7
Suppose -3*s = 2*s - 10. Let c be s/6 + (-74)/(-3). Let n = c - 10. What are the prime factors of n?
3, 5
Suppose -3*n - 228 = -4*n - 5*t, 3*n - 784 = 5*t. What are the prime factors of n?
11, 23
Let n(r) = 2*r**2 + 4*r + 3. Let b be (-1*1)/(2/6). Let s be n(b). List the prime factors of (24/9)/4*s.
2, 3
Let a be (8 - 0)/((-1)/(-2)). Suppose 3*n - 5*d = -19, 3*n + 0*d = -2*d + a. List the prime factors of n.
2
Let h(v) = 10*v + 10. Let s be h(12). Suppose g + s = 6*g. List the prime factors of g.
2, 13
Let m = 40 - 37. Let c be (-1 - 7)/(1/(-6)). Suppose d = -m*d + c. What are the prime factors of d?
2, 3
Let z(d) = -17*d**3 - 5*d**2 - 8*d - 3. What are the prime factors of z(-2)?
3, 43
Let m = -21 - -30. What are the prime factors of m?
3
List the prime factors of -1 - -366 - 27/(-9).
2, 23
Let c(j) = 15*j - 16. What are the prime factors of c(4)?
2, 11
Let l(z) = 17*z - 2. What are the prime factors of l(2)?
2
Let h = -195 - -277. Let x = -57 + h. What are the prime factors of x?
5
Let f be (0 - -9) + (3 - 4). Let x = 14 - f. What are the prime factors of x?
2, 3
Let i(o) = -o**2 - 6*o - 1. Let d be i(-5). Suppose 2*w + 2 + 4 = 2*m, -d*m + 30 = 5*w. List the prime factors of ((-3)/w)/(2/(-4)).
3
Suppose 5*z = z + 24. Suppose z = 5*q + 2*y - 63, -4*y + 48 = 4*q. Suppose 0 = -2*i + i + q. What are the prime factors of i?
3, 5
Suppose 0 = -u + 3*c + 81 + 88, c = -u + 153. List the prime factors of u.
157
Let u be ((-2)/(-4))/((-1)/(-6)). List the prime factors of 570/(-20)*(-2)/u.
19
Let z = 6 + -4. Suppose -z*i = -4*i + 92. List the prime factors of i.
2, 23
List the prime factors of (3 - (-50)/(-15))*-87.
29
Suppose 5*h = -4*v - 0*v - 56, -3*h + 56 = -4*v. Let u = v + 31. What are the prime factors of u?
17
Let u(m) = m**2 + 4*m - 8. Let a(i) = -5*i. Let o be a(1). Let p = -11 - o. Wh